{"id":12,"date":"2026-05-01T11:53:39","date_gmt":"2026-05-01T11:53:39","guid":{"rendered":"https:\/\/xn--asociacionespaoladehigieneelectromagnetica-i8d.com\/?page_id=12"},"modified":"2026-05-01T13:06:22","modified_gmt":"2026-05-01T13:06:22","slug":"inicio","status":"publish","type":"page","link":"https:\/\/xn--asociacionespaoladehigieneelectromagnetica-i8d.com\/","title":{"rendered":"AEHE"},"content":{"rendered":"\n<div class=\"wp-block-cover alignfull\" style=\"min-height:720px;aspect-ratio:unset;\"><img loading=\"lazy\" decoding=\"async\" width=\"1024\" height=\"576\" class=\"wp-block-cover__image-background wp-image-35 size-large\" alt=\"\" src=\"https:\/\/xn--asociacionespaoladehigieneelectromagnetica-i8d.com\/wp-content\/uploads\/2026\/05\/ChatGPT-Image-1-may-2026-14_10_45-1024x576.png\" data-object-fit=\"cover\" srcset=\"https:\/\/xn--asociacionespaoladehigieneelectromagnetica-i8d.com\/wp-content\/uploads\/2026\/05\/ChatGPT-Image-1-may-2026-14_10_45-1024x576.png 1024w, https:\/\/xn--asociacionespaoladehigieneelectromagnetica-i8d.com\/wp-content\/uploads\/2026\/05\/ChatGPT-Image-1-may-2026-14_10_45-300x169.png 300w, https:\/\/xn--asociacionespaoladehigieneelectromagnetica-i8d.com\/wp-content\/uploads\/2026\/05\/ChatGPT-Image-1-may-2026-14_10_45-768x432.png 768w, https:\/\/xn--asociacionespaoladehigieneelectromagnetica-i8d.com\/wp-content\/uploads\/2026\/05\/ChatGPT-Image-1-may-2026-14_10_45-1536x864.png 1536w, https:\/\/xn--asociacionespaoladehigieneelectromagnetica-i8d.com\/wp-content\/uploads\/2026\/05\/ChatGPT-Image-1-may-2026-14_10_45.png 1672w\" sizes=\"auto, (max-width: 1024px) 100vw, 1024px\" \/><span aria-hidden=\"true\" class=\"wp-block-cover__background has-heading-background-color has-background-dim\"><\/span><div class=\"wp-block-cover__inner-container is-layout-flow wp-block-cover-is-layout-flow\">\n<div class=\"wp-block-group alignwide has-global-padding is-layout-constrained wp-block-group-is-layout-constrained\">\n<div class=\"wp-block-media-text alignwide has-media-on-the-right is-stacked-on-mobile is-vertically-aligned-center\" style=\"grid-template-columns:auto 43%\"><div class=\"wp-block-media-text__content\">\n<h1 class=\"wp-block-heading has-text-align-left has-white-color has-text-color\">AEHE<\/h1>\n\n\n\n<p class=\"has-white-color has-text-color\">Asociaci\u00f3n Espa\u00f1ola de Higiene Electromagn\u00e9tica<\/p>\n\n\n\n<div class=\"wp-block-buttons is-layout-flex wp-block-buttons-is-layout-flex\">\n<div class=\"wp-block-button\"><a class=\"wp-block-button__link wp-element-button\" href=\"https:\/\/asociacionespa\u00f1oladehigieneelectromagnetica.com\/?page_id=2\">Conoce la asociaci\u00f3n<\/a><\/div>\n<\/div>\n\n\n\n<div class=\"wp-block-uagb-container uagb-block-0029dad4 alignfull uagb-is-root-container\"><div class=\"uagb-container-inner-blocks-wrap\">\n<div class=\"wp-block-uagb-advanced-heading uagb-block-51d69595\"><h6 class=\"uagb-heading-text\"><strong><strong>Por entornos m\u00e1s saludables, conscientes y electromagn\u00e9ticamente equilibrados<\/strong><\/strong><\/h6><\/div>\n<\/div><\/div>\n<\/div><figure class=\"wp-block-media-text__media\"><\/figure><\/div>\n<\/div>\n<\/div><\/div>\n\n\n\n<div class=\"wp-block-group alignfull has-ast-global-color-5-background-color has-background has-global-padding is-layout-constrained wp-container-core-group-is-layout-9cedb757 wp-block-group-is-layout-constrained\" style=\"padding-bottom:0px\">\n<h2 class=\"wp-block-heading screen-reader-text\">What We Offer<\/h2>\n\n\n\n<div class=\"wp-block-columns are-vertically-aligned-top is-layout-flex wp-container-core-columns-is-layout-00723822 wp-block-columns-is-layout-flex\">\n<div class=\"wp-block-column is-vertically-aligned-top is-layout-flow wp-container-core-column-is-layout-6b73ce23 wp-block-column-is-layout-flow\">\n<h6 class=\"wp-block-heading has-text-align-left\" style=\"margin-top:16px\">Higiene electromagn\u00e9tica<\/h6>\n\n\n\n<p class=\"has-text-align-left has-x-small-font-size\">Promovemos el conocimiento y las buenas pr\u00e1cticas para reducir la exposici\u00f3n innecesaria a campos electromagn\u00e9ticos en hogares, centros educativos y espacios de trabajo.<\/p>\n<\/div>\n\n\n\n<div class=\"wp-block-column is-vertically-aligned-top is-layout-flow wp-container-core-column-is-layout-6b73ce23 wp-block-column-is-layout-flow\">\n<h6 class=\"wp-block-heading has-text-align-left\" style=\"margin-top:16px\"><strong>Divulgaci\u00f3n y formaci\u00f3n<\/strong><\/h6>\n\n\n\n<p class=\"has-text-align-left has-x-small-font-size\">Creamos recursos claros, rigurosos y accesibles para que la sociedad comprenda mejor c\u00f3mo convivir con la tecnolog\u00eda de forma m\u00e1s consciente.<\/p>\n<\/div>\n\n\n\n<div class=\"wp-block-column is-vertically-aligned-top is-layout-flow wp-container-core-column-is-layout-6b73ce23 wp-block-column-is-layout-flow\">\n<h6 class=\"wp-block-heading has-text-align-left\" style=\"margin-top:16px\"><strong>Investigaci\u00f3n y criterio t\u00e9cnico<\/strong><\/h6>\n\n\n\n<p class=\"has-text-align-left has-x-small-font-size\">Impulsamos una mirada responsable basada en medici\u00f3n, an\u00e1lisis del entorno y actualizaci\u00f3n constante sobre el impacto electromagn\u00e9tico moderno.<\/p>\n<\/div>\n\n\n\n<div class=\"wp-block-column is-vertically-aligned-top is-layout-flow wp-container-core-column-is-layout-6b73ce23 wp-block-column-is-layout-flow\">\n<h6 class=\"wp-block-heading has-text-align-left\" style=\"margin-top:16px\"><strong>Asociaci\u00f3n y comunidad<\/strong><\/h6>\n\n\n\n<p class=\"has-text-align-left has-x-small-font-size\">Reunimos a personas, profesionales y entidades interesadas en construir espacios m\u00e1s saludables, equilibrados y coherentes con la vida actual.<\/p>\n<\/div>\n<\/div>\n<\/div>\n\n\n\n<div class=\"wp-block-group alignfull has-global-padding is-layout-constrained wp-container-core-group-is-layout-45b0ac4f wp-block-group-is-layout-constrained\" id=\"services\" style=\"padding-top:144px;padding-bottom:0px\">\n<h4 class=\"wp-block-heading\"><strong>\u00c1reas de actuaci\u00f3n<\/strong><\/h4>\n\n\n\n<div class=\"wp-block-columns is-layout-flex wp-container-core-columns-is-layout-60cbf9bb wp-block-columns-is-layout-flex\" style=\"margin-top:50px\">\n<div class=\"wp-block-column is-layout-flow wp-container-core-column-is-layout-6b73ce23 wp-block-column-is-layout-flow\">\n\n\n<h6 class=\"wp-block-heading\" style=\"margin-top:16px\"><strong>Divulgaci\u00f3n y sensibilizaci\u00f3n<\/strong><\/h6>\n\n\n\n<p class=\"has-x-small-font-size\">Acercamos la higiene electromagn\u00e9tica a la sociedad con un lenguaje claro, riguroso y comprensible, para que cualquier persona pueda tomar mejores decisiones en su entorno diario.<\/p>\n<\/div>\n\n\n\n<div class=\"wp-block-column is-layout-flow wp-container-core-column-is-layout-6b73ce23 wp-block-column-is-layout-flow\">\n\n\n<h6 class=\"wp-block-heading\" style=\"margin-top:16px\"><strong>Formaci\u00f3n y recursos educativos<\/strong><\/h6>\n\n\n\n<p class=\"has-x-small-font-size\">Desarrollamos contenidos, gu\u00edas y materiales formativos orientados a familias, profesionales, centros educativos y organizaciones interesadas en comprender mejor el entorno electromagn\u00e9tico.<\/p>\n<\/div>\n\n\n\n<div class=\"wp-block-column is-layout-flow wp-container-core-column-is-layout-6b73ce23 wp-block-column-is-layout-flow\">\n\n\n<h6 class=\"wp-block-heading\" style=\"margin-top:16px\"><strong>Orientaci\u00f3n t\u00e9cnica y buenas pr\u00e1cticas<\/strong><\/h6>\n\n\n\n<p class=\"has-x-small-font-size\">Promovemos criterios responsables para evaluar espacios, identificar fuentes de exposici\u00f3n y aplicar medidas de mejora sin alarmismo, con sentido com\u00fan y base t\u00e9cnica.<\/p>\n<\/div>\n<\/div>\n<\/div>\n\n\n\n<div class=\"wp-block-group alignfull has-ast-global-color-5-background-color has-background has-global-padding is-layout-constrained wp-container-core-group-is-layout-94d206d0 wp-block-group-is-layout-constrained\" id=\"about\" style=\"padding-top:143px;padding-bottom:144px\">\n<div class=\"wp-block-media-text has-media-on-the-right is-stacked-on-mobile is-vertically-aligned-center\"><div class=\"wp-block-media-text__content\">\n<div class=\"wp-block-group has-global-padding is-layout-constrained wp-container-core-group-is-layout-47ce07ec wp-block-group-is-layout-constrained\" style=\"padding-right:80px\">\n<h5 class=\"wp-block-heading\" style=\"padding-right:40px\"><strong>Impulsamos una cultura m\u00e1s consciente del entorno electromagn\u00e9tico<\/strong><\/h5>\n\n\n\n<p class=\"has-small-font-size\"><strong>La Asociaci\u00f3n Espa\u00f1ola de Higiene Electromagn\u00e9tica nace para divulgar, formar y promover buenas pr\u00e1cticas que ayuden a comprender mejor la influencia del entorno electromagn\u00e9tico en los espacios donde vivimos, trabajamos y aprendemos.<\/strong><\/p>\n\n\n\n<p class=\"has-small-font-size\"><strong>Nuestro objetivo es acercar este conocimiento a la sociedad de forma clara, rigurosa y sin alarmismo, facilitando criterios \u00fatiles para crear hogares, centros educativos, oficinas y comunidades m\u00e1s saludables, equilibradas y adaptadas a los retos tecnol\u00f3gicos actuales.<\/strong><\/p>\n<\/div>\n<\/div><figure class=\"wp-block-media-text__media\"><img loading=\"lazy\" decoding=\"async\" width=\"1024\" height=\"768\" src=\"https:\/\/xn--asociacionespaoladehigieneelectromagnetica-i8d.com\/wp-content\/uploads\/2026\/05\/ChatGPT-Image-1-may-2026-14_40_30-1024x768.png\" alt=\"\" class=\"wp-image-55 size-full\" srcset=\"https:\/\/xn--asociacionespaoladehigieneelectromagnetica-i8d.com\/wp-content\/uploads\/2026\/05\/ChatGPT-Image-1-may-2026-14_40_30-1024x768.png 1024w, https:\/\/xn--asociacionespaoladehigieneelectromagnetica-i8d.com\/wp-content\/uploads\/2026\/05\/ChatGPT-Image-1-may-2026-14_40_30-300x225.png 300w, https:\/\/xn--asociacionespaoladehigieneelectromagnetica-i8d.com\/wp-content\/uploads\/2026\/05\/ChatGPT-Image-1-may-2026-14_40_30-768x576.png 768w, https:\/\/xn--asociacionespaoladehigieneelectromagnetica-i8d.com\/wp-content\/uploads\/2026\/05\/ChatGPT-Image-1-may-2026-14_40_30.png 1448w\" sizes=\"auto, (max-width: 1024px) 100vw, 1024px\" \/><\/figure><\/div>\n<\/div>\n\n\n\n<div class=\"wp-block-group alignfull has-ast-global-color-4-background-color has-background has-global-padding is-layout-constrained wp-container-core-group-is-layout-6a2cfb7b wp-block-group-is-layout-constrained\" id=\"reviews\">\n<figure class=\"wp-block-image aligncenter size-full\"><img loading=\"lazy\" decoding=\"async\" width=\"2172\" height=\"724\" src=\"https:\/\/xn--asociacionespaoladehigieneelectromagnetica-i8d.com\/wp-content\/uploads\/2026\/05\/ChatGPT-Image-1-may-2026-14_30_39.png\" alt=\"\" class=\"wp-image-44\" srcset=\"https:\/\/xn--asociacionespaoladehigieneelectromagnetica-i8d.com\/wp-content\/uploads\/2026\/05\/ChatGPT-Image-1-may-2026-14_30_39.png 2172w, https:\/\/xn--asociacionespaoladehigieneelectromagnetica-i8d.com\/wp-content\/uploads\/2026\/05\/ChatGPT-Image-1-may-2026-14_30_39-300x100.png 300w, https:\/\/xn--asociacionespaoladehigieneelectromagnetica-i8d.com\/wp-content\/uploads\/2026\/05\/ChatGPT-Image-1-may-2026-14_30_39-1024x341.png 1024w, https:\/\/xn--asociacionespaoladehigieneelectromagnetica-i8d.com\/wp-content\/uploads\/2026\/05\/ChatGPT-Image-1-may-2026-14_30_39-768x256.png 768w, https:\/\/xn--asociacionespaoladehigieneelectromagnetica-i8d.com\/wp-content\/uploads\/2026\/05\/ChatGPT-Image-1-may-2026-14_30_39-1536x512.png 1536w, https:\/\/xn--asociacionespaoladehigieneelectromagnetica-i8d.com\/wp-content\/uploads\/2026\/05\/ChatGPT-Image-1-may-2026-14_30_39-2048x683.png 2048w\" sizes=\"auto, (max-width: 2172px) 100vw, 2172px\" \/><\/figure>\n<\/div>\n\n\n\n<div class=\"wp-block-group alignfull has-global-padding is-layout-constrained wp-container-core-group-is-layout-3fee123f wp-block-group-is-layout-constrained\" id=\"whyus\" style=\"padding-top:144px;padding-bottom:144px\">\n<h4 class=\"wp-block-heading\"><strong><strong>Por qu\u00e9 formar parte de la AEHE<\/strong><\/strong><\/h4>\n\n\n\n<div class=\"wp-block-columns is-layout-flex wp-container-core-columns-is-layout-29aadeec wp-block-columns-is-layout-flex\" style=\"margin-top:60px\">\n<div class=\"wp-block-column is-layout-flow wp-container-core-column-is-layout-6b73ce23 wp-block-column-is-layout-flow\">\n<h5 class=\"wp-block-heading\" style=\"margin-top:16px\"><strong><strong>Compromiso con la sociedad<\/strong><\/strong><\/h5>\n\n\n\n<p class=\"has-x-small-font-size\">Trabajamos para acercar la higiene electromagn\u00e9tica a la ciudadan\u00eda de forma clara, responsable y comprensible, ayudando a generar mayor conciencia sobre la calidad de los espacios en los que vivimos, trabajamos y aprendemos.<\/p>\n<\/div>\n\n\n\n<div class=\"wp-block-column is-layout-flow wp-container-core-column-is-layout-6b73ce23 wp-block-column-is-layout-flow\">\n<h5 class=\"wp-block-heading\" style=\"margin-top:16px\"><strong><strong>Rigor, criterio y responsabilidad<\/strong><\/strong><\/h5>\n\n\n\n<p class=\"has-x-small-font-size\">Promovemos una mirada serena y profesional, basada en la divulgaci\u00f3n rigurosa, la observaci\u00f3n del entorno y la aplicaci\u00f3n de buenas pr\u00e1cticas, siempre evitando el alarmismo y las conclusiones simplistas.<\/p>\n<\/div>\n\n\n\n<div class=\"wp-block-column is-layout-flow wp-container-core-column-is-layout-6b73ce23 wp-block-column-is-layout-flow\">\n<h5 class=\"wp-block-heading\" style=\"margin-top:16px\"><strong><strong>Una comunidad con prop\u00f3sito<\/strong><\/strong><\/h5>\n\n\n\n<p class=\"has-x-small-font-size\">Reunimos a personas, profesionales e instituciones que comparten una misma inquietud: impulsar entornos m\u00e1s saludables, equilibrados y coherentes con los retos tecnol\u00f3gicos de nuestro tiempo.<\/p>\n<\/div>\n<\/div>\n<\/div>\n\n\n\n<div class=\"wp-block-group alignfull has-background has-global-padding is-layout-constrained wp-container-core-group-is-layout-cfcca693 wp-block-group-is-layout-constrained\" id=\"contact\" style=\"background-color:#f4f8fb;padding-top:104px;padding-bottom:104px\">\n<h4 class=\"wp-block-heading has-text-align-center has-heading-color has-text-color\"><strong>Impulsamos una mayor conciencia sobre el entorno electromagn\u00e9tico<\/strong><\/h4>\n\n\n\n<div class=\"wp-block-buttons alignwide is-horizontal is-content-justification-center is-layout-flex wp-container-core-buttons-is-layout-bba8380a wp-block-buttons-is-layout-flex\" style=\"margin-top:50px\">\n<div class=\"wp-block-button\"><a class=\"wp-block-button__link wp-element-button\" href=\"https:\/\/asociacionespa\u00f1oladehigieneelectromagnetica.com\/?page_id=2\"><strong><strong>Descubrir la AEHE<\/strong><\/strong><\/a><\/div>\n<\/div>\n<\/div>\n","protected":false},"excerpt":{"rendered":"<p>What We Offer Higiene electromagn\u00e9tica Promovemos el conocimiento y las buenas pr\u00e1cticas para reducir la exposici\u00f3n innecesaria a campos electromagn\u00e9ticos en hogares, centros educativos y espacios de trabajo. Divulgaci\u00f3n y formaci\u00f3n Creamos recursos claros, rigurosos y accesibles para que la sociedad comprenda mejor c\u00f3mo convivir con la tecnolog\u00eda de forma m\u00e1s consciente. Investigaci\u00f3n y criterio [&hellip;]<\/p>\n","protected":false},"author":1,"featured_media":0,"parent":0,"menu_order":0,"comment_status":"closed","ping_status":"closed","template":"","meta":{"_uag_custom_page_level_css":"","_swt_meta_header_display":false,"_swt_meta_footer_display":false,"_swt_meta_site_title_display":true,"_swt_meta_sticky_header":false,"_swt_meta_transparent_header":false,"footnotes":""},"class_list":["post-12","page","type-page","status-publish","hentry"],"yoast_head":"<!-- This site is optimized with the Yoast SEO plugin v27.5 - https:\/\/yoast.com\/product\/yoast-seo-wordpress\/ -->\n<title>AEHE - AEHE<\/title>\n<meta name=\"robots\" content=\"index, follow, max-snippet:-1, max-image-preview:large, max-video-preview:-1\" \/>\n<link rel=\"canonical\" href=\"https:\/\/xn--asociacionespaoladehigieneelectromagnetica-i8d.com\/\" \/>\n<meta property=\"og:locale\" content=\"es_ES\" \/>\n<meta property=\"og:type\" content=\"article\" \/>\n<meta property=\"og:title\" content=\"AEHE - AEHE\" \/>\n<meta property=\"og:description\" content=\"What We Offer Higiene electromagn\u00e9tica Promovemos el conocimiento y las buenas pr\u00e1cticas para reducir la exposici\u00f3n innecesaria a campos electromagn\u00e9ticos en hogares, centros educativos y espacios de trabajo. Divulgaci\u00f3n y formaci\u00f3n Creamos recursos claros, rigurosos y accesibles para que la sociedad comprenda mejor c\u00f3mo convivir con la tecnolog\u00eda de forma m\u00e1s consciente. Investigaci\u00f3n y criterio [&hellip;]\" \/>\n<meta property=\"og:url\" content=\"https:\/\/xn--asociacionespaoladehigieneelectromagnetica-i8d.com\/\" \/>\n<meta property=\"og:site_name\" content=\"AEHE\" \/>\n<meta property=\"article:modified_time\" content=\"2026-05-01T13:06:22+00:00\" \/>\n<meta property=\"og:image\" content=\"https:\/\/xn--asociacionespaoladehigieneelectromagnetica-i8d.com\/wp-content\/uploads\/2026\/05\/ChatGPT-Image-1-may-2026-14_10_45.png\" \/>\n\t<meta property=\"og:image:width\" content=\"1672\" \/>\n\t<meta property=\"og:image:height\" content=\"941\" \/>\n\t<meta property=\"og:image:type\" content=\"image\/png\" \/>\n<meta name=\"twitter:card\" content=\"summary_large_image\" \/>\n<meta name=\"twitter:label1\" content=\"Tiempo de lectura\" \/>\n\t<meta name=\"twitter:data1\" content=\"3 minutos\" \/>\n<script type=\"application\/ld+json\" class=\"yoast-schema-graph\">{\"@context\":\"https:\\\/\\\/schema.org\",\"@graph\":[{\"@type\":\"WebPage\",\"@id\":\"https:\\\/\\\/xn--asociacionespaoladehigieneelectromagnetica-i8d.com\\\/\",\"url\":\"https:\\\/\\\/xn--asociacionespaoladehigieneelectromagnetica-i8d.com\\\/\",\"name\":\"AEHE - AEHE\",\"isPartOf\":{\"@id\":\"https:\\\/\\\/xn--asociacionespaoladehigieneelectromagnetica-i8d.com\\\/#website\"},\"primaryImageOfPage\":{\"@id\":\"https:\\\/\\\/xn--asociacionespaoladehigieneelectromagnetica-i8d.com\\\/#primaryimage\"},\"image\":{\"@id\":\"https:\\\/\\\/xn--asociacionespaoladehigieneelectromagnetica-i8d.com\\\/#primaryimage\"},\"thumbnailUrl\":\"https:\\\/\\\/xn--asociacionespaoladehigieneelectromagnetica-i8d.com\\\/wp-content\\\/uploads\\\/2026\\\/05\\\/ChatGPT-Image-1-may-2026-14_10_45-1024x576.png\",\"datePublished\":\"2026-05-01T11:53:39+00:00\",\"dateModified\":\"2026-05-01T13:06:22+00:00\",\"breadcrumb\":{\"@id\":\"https:\\\/\\\/xn--asociacionespaoladehigieneelectromagnetica-i8d.com\\\/#breadcrumb\"},\"inLanguage\":\"es\",\"potentialAction\":[{\"@type\":\"ReadAction\",\"target\":[\"https:\\\/\\\/xn--asociacionespaoladehigieneelectromagnetica-i8d.com\\\/\"]}]},{\"@type\":\"ImageObject\",\"inLanguage\":\"es\",\"@id\":\"https:\\\/\\\/xn--asociacionespaoladehigieneelectromagnetica-i8d.com\\\/#primaryimage\",\"url\":\"https:\\\/\\\/xn--asociacionespaoladehigieneelectromagnetica-i8d.com\\\/wp-content\\\/uploads\\\/2026\\\/05\\\/ChatGPT-Image-1-may-2026-14_10_45.png\",\"contentUrl\":\"https:\\\/\\\/xn--asociacionespaoladehigieneelectromagnetica-i8d.com\\\/wp-content\\\/uploads\\\/2026\\\/05\\\/ChatGPT-Image-1-may-2026-14_10_45.png\",\"width\":1672,\"height\":941},{\"@type\":\"BreadcrumbList\",\"@id\":\"https:\\\/\\\/xn--asociacionespaoladehigieneelectromagnetica-i8d.com\\\/#breadcrumb\",\"itemListElement\":[{\"@type\":\"ListItem\",\"position\":1,\"name\":\"Portada\",\"item\":\"https:\\\/\\\/xn--asociacionespaoladehigieneelectromagnetica-i8d.com\\\/\"},{\"@type\":\"ListItem\",\"position\":2,\"name\":\"AEHE\"}]},{\"@type\":\"WebSite\",\"@id\":\"https:\\\/\\\/xn--asociacionespaoladehigieneelectromagnetica-i8d.com\\\/#website\",\"url\":\"https:\\\/\\\/xn--asociacionespaoladehigieneelectromagnetica-i8d.com\\\/\",\"name\":\"AEHE\",\"description\":\"Asociaci\u00f3n Espa\u00f1ola de Higiene Electromagn\u00e9tica\",\"publisher\":{\"@id\":\"https:\\\/\\\/xn--asociacionespaoladehigieneelectromagnetica-i8d.com\\\/#organization\"},\"potentialAction\":[{\"@type\":\"SearchAction\",\"target\":{\"@type\":\"EntryPoint\",\"urlTemplate\":\"https:\\\/\\\/xn--asociacionespaoladehigieneelectromagnetica-i8d.com\\\/?s={search_term_string}\"},\"query-input\":{\"@type\":\"PropertyValueSpecification\",\"valueRequired\":true,\"valueName\":\"search_term_string\"}}],\"inLanguage\":\"es\"},{\"@type\":\"Organization\",\"@id\":\"https:\\\/\\\/xn--asociacionespaoladehigieneelectromagnetica-i8d.com\\\/#organization\",\"name\":\"AEHE\",\"url\":\"https:\\\/\\\/xn--asociacionespaoladehigieneelectromagnetica-i8d.com\\\/\",\"logo\":{\"@type\":\"ImageObject\",\"inLanguage\":\"es\",\"@id\":\"https:\\\/\\\/xn--asociacionespaoladehigieneelectromagnetica-i8d.com\\\/#\\\/schema\\\/logo\\\/image\\\/\",\"url\":\"https:\\\/\\\/xn--asociacionespaoladehigieneelectromagnetica-i8d.com\\\/wp-content\\\/uploads\\\/2026\\\/05\\\/logo-1.png\",\"contentUrl\":\"https:\\\/\\\/xn--asociacionespaoladehigieneelectromagnetica-i8d.com\\\/wp-content\\\/uploads\\\/2026\\\/05\\\/logo-1.png\",\"width\":156,\"height\":40,\"caption\":\"AEHE\"},\"image\":{\"@id\":\"https:\\\/\\\/xn--asociacionespaoladehigieneelectromagnetica-i8d.com\\\/#\\\/schema\\\/logo\\\/image\\\/\"}}]}<\/script>\n<!-- \/ Yoast SEO plugin. -->","yoast_head_json":{"title":"AEHE - AEHE","robots":{"index":"index","follow":"follow","max-snippet":"max-snippet:-1","max-image-preview":"max-image-preview:large","max-video-preview":"max-video-preview:-1"},"canonical":"https:\/\/xn--asociacionespaoladehigieneelectromagnetica-i8d.com\/","og_locale":"es_ES","og_type":"article","og_title":"AEHE - AEHE","og_description":"What We Offer Higiene electromagn\u00e9tica Promovemos el conocimiento y las buenas pr\u00e1cticas para reducir la exposici\u00f3n innecesaria a campos electromagn\u00e9ticos en hogares, centros educativos y espacios de trabajo. Divulgaci\u00f3n y formaci\u00f3n Creamos recursos claros, rigurosos y accesibles para que la sociedad comprenda mejor c\u00f3mo convivir con la tecnolog\u00eda de forma m\u00e1s consciente. Investigaci\u00f3n y criterio [&hellip;]","og_url":"https:\/\/xn--asociacionespaoladehigieneelectromagnetica-i8d.com\/","og_site_name":"AEHE","article_modified_time":"2026-05-01T13:06:22+00:00","og_image":[{"width":1672,"height":941,"url":"https:\/\/xn--asociacionespaoladehigieneelectromagnetica-i8d.com\/wp-content\/uploads\/2026\/05\/ChatGPT-Image-1-may-2026-14_10_45.png","type":"image\/png"}],"twitter_card":"summary_large_image","twitter_misc":{"Tiempo de lectura":"3 minutos"},"schema":{"@context":"https:\/\/schema.org","@graph":[{"@type":"WebPage","@id":"https:\/\/xn--asociacionespaoladehigieneelectromagnetica-i8d.com\/","url":"https:\/\/xn--asociacionespaoladehigieneelectromagnetica-i8d.com\/","name":"AEHE - AEHE","isPartOf":{"@id":"https:\/\/xn--asociacionespaoladehigieneelectromagnetica-i8d.com\/#website"},"primaryImageOfPage":{"@id":"https:\/\/xn--asociacionespaoladehigieneelectromagnetica-i8d.com\/#primaryimage"},"image":{"@id":"https:\/\/xn--asociacionespaoladehigieneelectromagnetica-i8d.com\/#primaryimage"},"thumbnailUrl":"https:\/\/xn--asociacionespaoladehigieneelectromagnetica-i8d.com\/wp-content\/uploads\/2026\/05\/ChatGPT-Image-1-may-2026-14_10_45-1024x576.png","datePublished":"2026-05-01T11:53:39+00:00","dateModified":"2026-05-01T13:06:22+00:00","breadcrumb":{"@id":"https:\/\/xn--asociacionespaoladehigieneelectromagnetica-i8d.com\/#breadcrumb"},"inLanguage":"es","potentialAction":[{"@type":"ReadAction","target":["https:\/\/xn--asociacionespaoladehigieneelectromagnetica-i8d.com\/"]}]},{"@type":"ImageObject","inLanguage":"es","@id":"https:\/\/xn--asociacionespaoladehigieneelectromagnetica-i8d.com\/#primaryimage","url":"https:\/\/xn--asociacionespaoladehigieneelectromagnetica-i8d.com\/wp-content\/uploads\/2026\/05\/ChatGPT-Image-1-may-2026-14_10_45.png","contentUrl":"https:\/\/xn--asociacionespaoladehigieneelectromagnetica-i8d.com\/wp-content\/uploads\/2026\/05\/ChatGPT-Image-1-may-2026-14_10_45.png","width":1672,"height":941},{"@type":"BreadcrumbList","@id":"https:\/\/xn--asociacionespaoladehigieneelectromagnetica-i8d.com\/#breadcrumb","itemListElement":[{"@type":"ListItem","position":1,"name":"Portada","item":"https:\/\/xn--asociacionespaoladehigieneelectromagnetica-i8d.com\/"},{"@type":"ListItem","position":2,"name":"AEHE"}]},{"@type":"WebSite","@id":"https:\/\/xn--asociacionespaoladehigieneelectromagnetica-i8d.com\/#website","url":"https:\/\/xn--asociacionespaoladehigieneelectromagnetica-i8d.com\/","name":"AEHE","description":"Asociaci\u00f3n Espa\u00f1ola de Higiene Electromagn\u00e9tica","publisher":{"@id":"https:\/\/xn--asociacionespaoladehigieneelectromagnetica-i8d.com\/#organization"},"potentialAction":[{"@type":"SearchAction","target":{"@type":"EntryPoint","urlTemplate":"https:\/\/xn--asociacionespaoladehigieneelectromagnetica-i8d.com\/?s={search_term_string}"},"query-input":{"@type":"PropertyValueSpecification","valueRequired":true,"valueName":"search_term_string"}}],"inLanguage":"es"},{"@type":"Organization","@id":"https:\/\/xn--asociacionespaoladehigieneelectromagnetica-i8d.com\/#organization","name":"AEHE","url":"https:\/\/xn--asociacionespaoladehigieneelectromagnetica-i8d.com\/","logo":{"@type":"ImageObject","inLanguage":"es","@id":"https:\/\/xn--asociacionespaoladehigieneelectromagnetica-i8d.com\/#\/schema\/logo\/image\/","url":"https:\/\/xn--asociacionespaoladehigieneelectromagnetica-i8d.com\/wp-content\/uploads\/2026\/05\/logo-1.png","contentUrl":"https:\/\/xn--asociacionespaoladehigieneelectromagnetica-i8d.com\/wp-content\/uploads\/2026\/05\/logo-1.png","width":156,"height":40,"caption":"AEHE"},"image":{"@id":"https:\/\/xn--asociacionespaoladehigieneelectromagnetica-i8d.com\/#\/schema\/logo\/image\/"}}]}},"uagb_featured_image_src":{"full":false,"thumbnail":false,"medium":false,"medium_large":false,"large":false,"1536x1536":false,"2048x2048":false},"uagb_author_info":{"display_name":"admin","author_link":"https:\/\/xn--asociacionespaoladehigieneelectromagnetica-i8d.com\/?author=1"},"uagb_comment_info":0,"uagb_excerpt":"What We Offer Higiene electromagn\u00e9tica Promovemos el conocimiento y las buenas pr\u00e1cticas para reducir la exposici\u00f3n innecesaria a campos electromagn\u00e9ticos en hogares, centros educativos y espacios de trabajo. Divulgaci\u00f3n y formaci\u00f3n Creamos recursos claros, rigurosos y accesibles para que la sociedad comprenda mejor c\u00f3mo convivir con la tecnolog\u00eda de forma m\u00e1s consciente. Investigaci\u00f3n y criterio&hellip;","_links":{"self":[{"href":"https:\/\/xn--asociacionespaoladehigieneelectromagnetica-i8d.com\/index.php?rest_route=\/wp\/v2\/pages\/12","targetHints":{"allow":["GET"]}}],"collection":[{"href":"https:\/\/xn--asociacionespaoladehigieneelectromagnetica-i8d.com\/index.php?rest_route=\/wp\/v2\/pages"}],"about":[{"href":"https:\/\/xn--asociacionespaoladehigieneelectromagnetica-i8d.com\/index.php?rest_route=\/wp\/v2\/types\/page"}],"author":[{"embeddable":true,"href":"https:\/\/xn--asociacionespaoladehigieneelectromagnetica-i8d.com\/index.php?rest_route=\/wp\/v2\/users\/1"}],"replies":[{"embeddable":true,"href":"https:\/\/xn--asociacionespaoladehigieneelectromagnetica-i8d.com\/index.php?rest_route=%2Fwp%2Fv2%2Fcomments&post=12"}],"version-history":[{"count":21,"href":"https:\/\/xn--asociacionespaoladehigieneelectromagnetica-i8d.com\/index.php?rest_route=\/wp\/v2\/pages\/12\/revisions"}],"predecessor-version":[{"id":87,"href":"https:\/\/xn--asociacionespaoladehigieneelectromagnetica-i8d.com\/index.php?rest_route=\/wp\/v2\/pages\/12\/revisions\/87"}],"wp:attachment":[{"href":"https:\/\/xn--asociacionespaoladehigieneelectromagnetica-i8d.com\/index.php?rest_route=%2Fwp%2Fv2%2Fmedia&parent=12"}],"curies":[{"name":"wp","href":"https:\/\/api.w.org\/{rel}","templated":true}]}}